mmon divisor of 92 and 29210.
46
What is the greatest common divisor of 565929 and 1638?
819
Calculate the highest common factor of 20808 and 192.
24
What is the greatest common factor of 492 and 1328892?
492
What is the greatest common factor of 3333 and 528?
33
What is the highest common factor of 30290 and 78?
26
Calculate the greatest common factor of 184 and 235336.
184
Calculate the highest common factor of 2024 and 10736.
88
Calculate the highest common factor of 8339 and 6187.
269
What is the highest common factor of 3182 and 2666?
86
What is the highest common divisor of 987 and 118377?
21
Calculate the greatest common factor of 814896 and 54.
18
What is the greatest common divisor of 617621 and 5752?
719
Calculate the greatest common factor of 31875 and 225.
75
What is the highest common factor of 442801 and 29?
29
Calculate the highest common factor of 3367 and 15799.
259
What is the highest common factor of 74067 and 84?
21
What is the greatest common factor of 1341 and 7301?
149
Calculate the highest common factor of 17515 and 2599.
113
What is the greatest common divisor of 411 and 454977?
411
What is the greatest common divisor of 133434 and 1169?
7
What is the highest common divisor of 325 and 285025?
325
Calculate the highest common factor of 2550286 and 46.
46
Calculate the greatest common factor of 153 and 44370.
153
What is the greatest common factor of 66 and 3488826?
66
Calculate the highest common factor of 435 and 15312.
87
What is the greatest common factor of 38 and 4008278?
38
Calculate the highest common factor of 2140794 and 138.
138
Calculate the highest common divisor of 440 and 390280.
440
Calculate the greatest common divisor of 145 and 37903.
29
Calculate the greatest common divisor of 10989 and 18414.
297
Calculate the greatest common divisor of 305325 and 1770.
885
Calculate the greatest common factor of 207 and 4086.
9
Calculate the greatest common factor of 24 and 2203224.
24
What is the highest common divisor of 70770 and 150?
30
What is the greatest common divisor of 1271 and 328?
41
What is the greatest common divisor of 506 and 6930?
22
What is the greatest common divisor of 80 and 77970?
10
What is the highest common factor of 211772 and 44?
44
What is the greatest common factor of 3423897 and 9015?
1803
What is the greatest common divisor of 352 and 727408?
176
Calculate the greatest common divisor of 81 and 7317.
27
What is the greatest common divisor of 432 and 337248?
144
Calculate the highest common factor of 708 and 83190.
354
Calculate the greatest common factor of 112 and 15408.
16
Calculate the highest common divisor of 2240 and 123900.
140
What is the greatest common factor of 815 and 13692?
163
Calculate the greatest common factor of 30699 and 31457.
379
Calculate the highest common divisor of 26 and 847418.
26
What is the greatest common divisor of 2090 and 17600?
110
Calculate the greatest common factor of 41679 and 27.
9
What is the greatest common factor of 3893 and 15343?
229
Calculate the highest common factor of 134 and 9246.
134
What is the highest common factor of 4748292 and 738?
738
Calculate the greatest common factor of 4014 and 4086.
18
Calculate the greatest common factor of 69 and 1725.
69
What is the highest common divisor of 234 and 12132?
18
What is the highest common factor of 5913 and 7811?
73
What is the highest common divisor of 72180 and 360?
180
Calculate the highest common divisor of 116 and 2116.
4
Calculate the highest common divisor of 16954 and 1372.
98
Calculate the greatest common factor of 160 and 50660.
20
Calculate the greatest common divisor of 29822 and 1612.
806
What is the greatest common divisor of 15463 and 94?
47
What is the greatest common divisor of 598 and 2288?
26
What is the highest common divisor of 62532 and 4825?
193
Calculate the highest common factor of 340 and 10620.
20
Calculate the highest common divisor of 80 and 84080.
80
What is the greatest common factor of 29516 and 2983?
157
Calculate the greatest common divisor of 50559 and 779.
19
What is the greatest common divisor of 22 and 9078058?
22
What is the highest common divisor of 6 and 1068927?
3
Calculate the highest common factor of 19409 and 3887.
13
Calculate the greatest common divisor of 3509565 and 255.
255
Calculate the greatest common divisor of 2494 and 1102.
58
Calculate the greatest common divisor of 1160318 and 102.
34
What is the highest common factor of 7958 and 1610?
46
Calculate the greatest common factor of 385 and 20440.
35
Calculate the greatest common factor of 1354 and 5730128.
1354
What is the highest common divisor of 22487 and 1393?
199
What is the highest common divisor of 832 and 220064?
416
Calculate the greatest common divisor of 72704 and 142.
142
Calculate the greatest common factor of 117 and 6838.
13
Calculate the greatest common factor of 4 and 79848.
4
What is the highest common factor of 2760 and 424?
8
What is the greatest common factor of 2983 and 2033?
19
Calculate the greatest common divisor of 1048 and 274838.
262
Calculate the greatest common divisor of 17248 and 275.
11
Calculate the highest common factor of 395722 and 482.
482
What is the greatest common factor of 18189 and 12?
3
What is the greatest common factor of 84 and 1822068?
12
Calculate the highest common factor of 962 and 1937.
13
What is the highest common divisor of 430 and 11696?
86
Calculate the highest common factor of 31059 and 7.
7
Calculate the greatest common factor of 11944 and 296.
8
Calculate the highest common divisor of 12 and 39126.
6
Calculate the greatest common factor of 360 and 15080.
40
What is the highest common divisor of 4844 and 868?
28
Calculate the highest common factor of 15 and 425760.
15
What is the highest common factor of 1802 and 157658?
34
What is the greatest common divisor of 260 and 104540?
20
Calculate the highest common divisor of 10688 and 9686.
334
What is the greatest common divisor of 2499 and 126?
21
What is the highest common factor of 1248 and 158416?
16
What is the greatest common factor of 179244 and 364?
52
What is the greatest common divisor of 12354 and 1740?
174
What is the greatest common factor of 28 and 59717?
7
What is the greatest common divisor of 1952 and 704?
32
Calculate the highest common divisor of 16248 and 16.
8
Calculate the greatest common factor of 29866 and 20002.
274
Calculate the greatest common factor of 896 and 56.
56
Calculate the highest common divisor of 770 and 9010.
10
What is the highest common divisor of 523 and 123428?
523
Calculate the greatest common divisor of 12104 and 61948.
68
What is the highest common divisor of 1163626 and 282?
94
Calculate the greatest common divisor of 880 and 189695.
55
Calculate the highest common divisor of 13909 and 21.
7
What is the greatest common divisor of 436 and 132?
4
What is the highest common factor of 302586 and 564?
282
Calculate the highest common factor of 47862 and 6.
6
Calculate the highest common factor of 199 and 203975.
199
What is the highest common divisor of 904 and 209672?
8
What is the highest common divisor of 14268 and 462?
6
Calculate the highest common factor of 14 and 372722.
14
Calculate the greatest common factor of 671389 and 983.
983
What is the highest common divisor of 1340 and 69412?
268
What is the highest common divisor of 11270 and 833?
49
What is the highest common factor of 3474 and 4527780?
1158
What is the greatest common divisor of 5134 and 170?
34
What is the greatest common factor of 2287505 and 605?
605
Calculate the highest common factor of 28688 and 572.
44
What is the greatest common factor of 14973 and 28520?
713
What is the greatest common divisor of 94115 and 70?
35
Calculate the highest common divisor of 155400 and 12.
12
Calculate the greatest common factor of 88679 and 2272.
71
Calculate the highest common factor of 77148 and 588.
12
What is the greatest common factor of 300 and 15150?
150
What is the highest common factor of 32 and 59872?
32
Calculate the highest common divisor of 34 and 184552.
34
What is the highest common divisor of 39900 and 741?
57
What is the greatest common factor of 654408 and 2235?
447
What is the greatest common factor of 624 and 69472?
208
Calculate the greatest common divisor of 210